 prime factors of 2049043.
2049043
List the prime factors of 115002.
2, 3, 6389
What are the prime factors of 246562?
2, 43, 47, 61
What are the prime factors of 47508?
2, 3, 37, 107
What are the prime factors of 3483174?
2, 3, 580529
List the prime factors of 79761.
3, 11, 2417
What are the prime factors of 3732862?
2, 7, 266633
List the prime factors of 244564.
2, 61141
What are the prime factors of 3056428?
2, 647, 1181
What are the prime factors of 507247?
13, 39019
List the prime factors of 10337731.
61, 169471
List the prime factors of 12223524.
2, 3, 43, 23689
What are the prime factors of 347961?
3, 115987
What are the prime factors of 11881868?
2, 2970467
List the prime factors of 224037.
3, 11, 31, 73
What are the prime factors of 457347?
3, 11, 13859
List the prime factors of 1058484.
2, 3, 7, 12601
List the prime factors of 31478152.
2, 17, 59, 3923
List the prime factors of 6015543.
3, 2005181
List the prime factors of 385955.
5, 77191
What are the prime factors of 1487211?
3, 11, 17, 241
List the prime factors of 2286368.
2, 7, 59, 173
List the prime factors of 16530317.
16530317
List the prime factors of 46640.
2, 5, 11, 53
What are the prime factors of 458023?
37, 12379
List the prime factors of 6251842.
2, 3125921
List the prime factors of 4462687.
17, 262511
What are the prime factors of 404335?
5, 193, 419
List the prime factors of 233149.
7, 19, 1753
What are the prime factors of 308252?
2, 7, 101, 109
List the prime factors of 1137341.
1137341
List the prime factors of 7820981.
7, 29, 59, 653
List the prime factors of 329387.
329387
List the prime factors of 319380.
2, 3, 5, 5323
List the prime factors of 1341254.
2, 670627
List the prime factors of 1329509.
1329509
What are the prime factors of 468944?
2, 7, 53, 79
What are the prime factors of 4355321?
59, 73819
What are the prime factors of 6356510?
2, 5, 23, 29, 953
What are the prime factors of 933806?
2, 37, 12619
List the prime factors of 102669.
3, 7, 4889
What are the prime factors of 27398632?
2, 83, 41263
What are the prime factors of 7586308?
2, 1896577
What are the prime factors of 17211359?
11, 19, 82351
What are the prime factors of 14700080?
2, 5, 53, 3467
What are the prime factors of 1417597?
1417597
List the prime factors of 28698.
2, 3, 4783
What are the prime factors of 553662?
2, 3, 10253
What are the prime factors of 8386268?
2, 11, 17327
What are the prime factors of 154065?
3, 5, 10271
List the prime factors of 1041337.
11, 137, 691
List the prime factors of 7285918.
2, 3642959
List the prime factors of 182103.
3, 101, 601
What are the prime factors of 1618763?
23, 70381
What are the prime factors of 1115587?
11, 37, 2741
List the prime factors of 4482442.
2, 19, 117959
List the prime factors of 141290.
2, 5, 71, 199
List the prime factors of 366304.
2, 11447
List the prime factors of 1404255.
3, 5, 179, 523
What are the prime factors of 17510033?
149, 117517
List the prime factors of 3765429.
3, 418381
List the prime factors of 454788.
2, 3, 4211
What are the prime factors of 44427?
3, 59, 251
List the prime factors of 127874.
2, 17, 3761
List the prime factors of 9556384.
2, 107, 2791
List the prime factors of 7011161.
167, 41983
What are the prime factors of 400703?
400703
List the prime factors of 633470.
2, 5, 63347
What are the prime factors of 1125100?
2, 5, 11251
List the prime factors of 1273692.
2, 3, 7, 59, 257
List the prime factors of 457304.
2, 57163
What are the prime factors of 2065615?
5, 97, 4259
List the prime factors of 11925698.
2, 5962849
List the prime factors of 1606471.
761, 2111
List the prime factors of 9328842.
2, 3, 47, 11027
What are the prime factors of 382224?
2, 3, 7963
What are the prime factors of 1089734?
2, 17, 32051
List the prime factors of 1240826.
2, 620413
What are the prime factors of 501667?
101, 4967
What are the prime factors of 1734897?
3, 578299
List the prime factors of 30342021.
3, 10114007
What are the prime factors of 148888?
2, 37, 503
What are the prime factors of 5170067?
7, 738581
List the prime factors of 369137.
369137
What are the prime factors of 15592686?
2, 3, 757, 3433
What are the prime factors of 2682265?
5, 536453
List the prime factors of 18298638.
2, 3, 67, 15173
What are the prime factors of 1389529?
17, 81737
What are the prime factors of 20343175?
5, 41, 89, 223
List the prime factors of 3814826.
2, 23, 127, 653
What are the prime factors of 1722960?
2, 3, 5, 2393
What are the prime factors of 4093445?
5, 818689
What are the prime factors of 2351483?
263, 8941
What are the prime factors of 8667303?
3, 337, 8573
List the prime factors of 12481365.
3, 5, 13, 64007
List the prime factors of 1439568.
2, 3, 13, 769
What are the prime factors of 458659?
61, 73, 103
List the prime factors of 473944.
2, 59243
List the prime factors of 241983.
3, 7, 23, 167
What are the prime factors of 2081908?
2, 263, 1979
List the prime factors of 502549.
502549
List the prime factors of 5508958.
2, 7, 13, 30269
What are the prime factors of 5967295?
5, 1193459
List the prime factors of 19558563.
3, 977, 6673
List the prime factors of 8164274.
2, 1973, 2069
List the prime factors of 1071624.
2, 3, 44651
List the prime factors of 2185293.
3, 11, 66221
What are the prime factors of 5142716?
2, 1285679
List the prime factors of 968616.
2, 3, 11, 1223
What are the prime factors of 336495?
3, 5, 22433
What are the prime factors of 49210?
2, 5, 7, 19, 37
What are the prime factors of 5493642?
2, 3, 7, 11, 23, 47
List the prime factors of 6151466.
2, 181, 16993
List the prime factors of 26603486.
2, 7, 13, 146173
List the prime factors of 234148.
2, 58537
List the prime factors of 8653527.
3, 17, 1109
What are the prime factors of 13850831?
31, 277, 1613
What are the prime factors of 160778?
2, 19, 4231
What are the prime factors of 8567632?
2, 19, 28183
List the prime factors of 607772.
2, 11, 19, 727
List the prime factors of 491187.
3, 163729
What are the prime factors of 5289255?
3, 5, 117539
List the prime factors of 2238789.
3, 7, 19, 31, 181
What are the prime factors of 41370659?
11, 179, 21011
What are the prime factors of 10093716?
2, 3, 17, 16493
List the prime factors of 1857032.
2, 232129
List the prime factors of 231070.
2, 5, 7, 3301
List the prime factors of 108710.
2, 5, 7, 1553
List the prime factors of 625806.
2, 3, 3863
List the prime factors of 2494808.
2, 197, 1583
List the prime factors of 92961.
3, 11, 313
What are the prime factors of 703434?
2, 3, 117239
List the prime factors of 19557921.
3, 6519307
What are the prime factors of 242477?
43, 5639
What are the prime factors of 22485?
3, 5, 1499
What are the prime factors of 7462168?
2, 7, 133253
What are the prime factors of 427296?
2, 3, 4451
What are the prime factors of 1308799?
29, 45131
What are the prime factors of 5979993?
3, 31, 64301
List the prime factors of 6107014.
2, 3053507
List the prime factors of 379252.
2, 59, 1607
What are the prime factors of 228516?
2, 3, 137, 139
List the prime factors of 26096296.
2, 31, 105227
List the prime factors of 3185327.
3185327
What are the prime factors of 671764?
2, 19, 8839
List the prime factors of 444944.
2, 27809
List the prime factors of 616798.
2, 7, 13, 3389
List the prime factors of 9336709.
761, 12269
What are the prime factors of 164988?
2, 3, 4583
List the prime factors of 5196472.
2, 649559
What are the prime factors of 2232968?
2, 279121
List the prime factors of 391410.
2, 3, 5, 4349
List the prime factors of 932145.
3, 5, 62143
List the prime factors of 2755441.
13, 79, 2683
What are the prime factors of 291119?
89, 3271
List the prime factors of 874614.
2, 3, 13, 11213
List the prime factors of 652396.
2, 43, 3793
What are the prime factors of 1004961?
3, 334987
What are the prime factors of 2915504?
2, 47, 3877
List the prime factors of 2987578.
2, 11, 135799
List the prime factors of 789937.
139, 5683
What are the prime factors of 601814?
2, 131, 2297
What are the prime factors of 1013862?
2, 3, 168977
List the prime factors of 347199.
3, 115733
What are the prime factors of 4799939?
23, 181, 1153
List the prime factors of 125290.
2, 5, 11, 17, 67
What are the prime factors of 23593825?
5, 293, 3221
What are the prime factors of 421414?
2, 7, 31, 971
List the p